{"id":56,"date":"2019-05-20T20:00:07","date_gmt":"2019-05-20T18:00:07","guid":{"rendered":"https:\/\/www.usc-dolorssabate.es\/?page_id=56"},"modified":"2026-01-05T12:37:49","modified_gmt":"2026-01-05T11:37:49","slug":"proyectos","status":"publish","type":"page","link":"https:\/\/www.usc-dolorssabate.es\/index.php\/proyectos\/","title":{"rendered":"proyectos"},"content":{"rendered":"<div class=\"fusion-fullwidth fullwidth-box fusion-builder-row-1 nonhundred-percent-fullwidth non-hundred-percent-height-scrolling\" style=\"--awb-border-radius-top-left:0px;--awb-border-radius-top-right:0px;--awb-border-radius-bottom-right:0px;--awb-border-radius-bottom-left:0px;--awb-flex-wrap:wrap;\" ><div class=\"fusion-builder-row fusion-row\"><div class=\"fusion-layout-column fusion_builder_column fusion-builder-column-0 fusion_builder_column_1_1 1_1 fusion-one-full fusion-column-first fusion-column-last\" style=\"--awb-bg-size:cover;\"><div class=\"fusion-column-wrapper fusion-column-has-shadow fusion-flex-column-wrapper-legacy\"><div class=\"fusion-text fusion-text-1\"><hr \/>\n<ul>\n<li>\n<h3 style=\"text-align: justify;\"><strong style=\"text-align: justify; font-size: 16px;\"><span style=\"color: #14419c;\"><a style=\"color: #14419c;\" href=\"https:\/\/esprelit.web.uah.es\/\">ESPRELIT &#8211; Escenarios de precariedad, violencia y vulnerabilidad en la literatura actual en lengua alemana<\/a>. <\/span><\/strong><span style=\"font-weight: 400;\">Ref. CM\/DEMG\/2024-017, Irina Ursachi (Investigador Principal). Proyecto Convocatoria P\u00fablica financiado por la Comunidad de Madrid. Cuant\u00eda: 59800. Otros investigadores: Dolors Sabat\u00e9 Planes, Silos Ribas, Lorena Beatriz; Bascoy Lamelas, Montserrat; Bescansa Leir\u00f3s, Mar\u00eda do Carmen; G\u00f3mez Pato, Rosa Marta; Roca Ara\u00f1\u00f3, Francisca. Duraci\u00f3n: 01\/01\/2025-31\/12\/2026.<\/span><\/h3>\n<\/li>\n<li>\n<h3 style=\"text-align: justify;\"><span style=\"color: #000000;\"><strong>HERITAGE-ED: Educational Innovation and Heritage Digitization for Regional Cohesion and Sustainable Development (Caucasus-Central Asia- Europe) <\/strong><\/span><span style=\"font-weight: 400;\"><span style=\"color: #000000;\"><strong>Capacity Building Actions.<\/strong> <\/span>Call 2025. En colaboraci\u00f3n con las siguientes universidades:<\/span> <span style=\"font-weight: 400;\">Akhmet Baitursynuly Kostanay Regional University (ABKRU) \u2013 Kazakhstan, Eurasia International University (EIU) \u2013 Armenia, International Information Technology University (IITU) \u2013 Kazakhstan, Kazakh Ablaykhan University of International Relations and World Languages (KAUIR&amp;WL) \u2013 Kazakhstan, New University Lisbon (UNL) \u2013 Portugal, NGO La Rep\u00fablica de la Felicidad &#8211; Armenia (LRDLF), Samarkand State Institute of Foreign Languages (SamSIFL) \u2013 Uzbekistan, University of Santiago de Compostela (USC) (Coordinator) \u2013 Spain, Urganch State Pedagogical Institute (UrSPI) \u2013 Uzbekistan, Urganch State University (UrSU) \u2013 Uzbekistan, Yerevan State University (YSU) \u2013 Armenia.<\/span><\/h3>\n<\/li>\n<li>\n<h3 style=\"text-align: justify;\"><a href=\"https:\/\/usc-litlin.eu\/en\/home-english\/\"><span style=\"color: #14419c;\"><strong>Enfoques transdisciplinarios y herramientas digitales en el estudio de lenguas y culturas europeas<\/strong><\/span><\/a>. 2022. Ref. GPC 1954. Coordinador \u2013 Financiado por la Xunta de Galicia, Direcci\u00f3n General de Promoci\u00f3n Cient\u00edfica y Tecnol\u00f3gica. Programa de Consolidaci\u00f3n de Grupos de Alto Potencial de Crecimiento. Duraci\u00f3n: 2022 \u2013 2025.<\/h3>\n<\/li>\n<li>\n<h3 style=\"text-align: justify;\"><strong><span style=\"color: #14419c;\"><a style=\"color: #14419c;\" href=\"https:\/\/usc-vitruvia.es\/omeka\/home-es\">ExFemLiOn<\/a>.<\/span> Corpus Online de Autoras y Textos biogr\u00e1ficos sobre el exilio en lengua alemana<\/strong>. 2016. Investigador principal \u2013 Financiado por el Ministerio de Ciencia, Innovaci\u00f3n y Universidades y el Fondo Europeo de Desarrollo Regional (FEDER). Duraci\u00f3n: 2016 &#8211; 2019.<\/h3>\n<\/li>\n<li>\n<h3 style=\"text-align: justify;\"><strong><span style=\"color: #14419c;\"><a style=\"color: #14419c;\" href=\"https:\/\/investigacion.usc.gal\/grupos\/4732\/detalle\">Grupo de investigaci\u00f3n Litlin.<\/a>\u00a0<\/span><\/strong><span style=\"font-size: 16px;\">2009. Ref. GPC 1954. Investigador principal \u2013 Financiado por la Xunta de Galicia, Direcci\u00f3n General de Promoci\u00f3n Cient\u00edfica y Tecnol\u00f3gica. Programa de Consolidaci\u00f3n de Grupos de Alto Potencial de Crecimiento. Duraci\u00f3n: 2009 \u2013 2017.<\/span><\/h3>\n<\/li>\n<li>\n<h3 style=\"text-align: justify;\"><a href=\"https:\/\/investigacion.usc.gal\/proyectos\/34004\/detalle?lang=es\"><span style=\"color: #14419c;\"><b>Movilidad, mujer y autoficci\u00f3n. Estudio de la movilidad en la ficci\u00f3n autobiogr\u00e1fica femenina en lengua alemana desde una perspectiva de g\u00e9nero<\/b><\/span><\/a><i><span style=\"color: #14419c;\">.<\/span>\u00a0<\/i>2015 (2015-PN041). Ref.FEM2015-71909-REDT. MINECO \u2013 Plan Estatal (2013-2016). Duraci\u00f3n: 2015 \u2013 2017.<\/h3>\n<\/li>\n<li>\n<h3 style=\"text-align: justify;\"><b>Escritura autobiogr\u00e1fica de escritoras judeo-alemanas (siglos XIX y XX).<\/b><span style=\"font-weight: 400;\"> (2012-PN112) Ref.FEM2012-31274. PN &#8211; Filolog\u00eda y filosof\u00eda<\/span><span style=\"font-weight: 400;\">. <\/span><span style=\"font-weight: 400;\">Duraci\u00f3n: 2013 \u2013 2015.<\/span><\/h3>\n<\/li>\n<li>\n<h3 style=\"text-align: justify;\"><b>Juda\u00edsmo y feminidad. Representaci\u00f3n del g\u00e9nero y la cultura en conflicto en la literatura alemana moderna y contempor\u00e1nea<\/b><span style=\"font-weight: 400;\">. Duraci\u00f3n: 2009 \u2013 2012<\/span><\/h3>\n<\/li>\n<li>\n<h3 style=\"text-align: justify;\"><b>Textos narrativos escritos por mujeres en lengua alemana.<\/b><span style=\"font-weight: 400;\"> (2005-PN094) Ref.HUM2005-00549. 5 PN \u2013 Humanidades<\/span><span style=\"font-weight: 400;\">. <\/span><span style=\"font-weight: 400;\">Duraci\u00f3n: 2005 \u2013 2008<\/span><\/h3>\n<\/li>\n<li>\n<h3 style=\"text-align: justify;\"><b>Escritoras en lengua alemana<\/b><b><i>.<\/i><\/b><span style=\"font-weight: 400;\"> (2002-PN058) Ref.BFF2002-00860 4 PN &#8211; 2001-PGC. Duraci\u00f3n: 2002 \u2013 2005.<\/span><\/h3>\n<\/li>\n<li>\n<h3 style=\"text-align: justify;\"><b>Estudio e traducci\u00f3n o galego da narrativa breve en lingua alemana (1945 \u2013 1960).<\/b><span style=\"font-weight: 400;\"> (1999-PG037) Ref.PGIDT99PXI20404A PGIDT \u2013 PXI. (Programa Xeral de Investigaci\u00f3n) Duraci\u00f3n: 1999 \u2013 2001.<\/span><\/h3>\n<\/li>\n<\/ul>\n<\/div><div class=\"fusion-clearfix\"><\/div><\/div><\/div><\/div><\/div>\n","protected":false},"excerpt":{"rendered":"","protected":false},"author":1,"featured_media":0,"parent":0,"menu_order":0,"comment_status":"closed","ping_status":"closed","template":"","meta":{"footnotes":""},"class_list":["post-56","page","type-page","status-publish","hentry"],"_links":{"self":[{"href":"https:\/\/www.usc-dolorssabate.es\/index.php\/wp-json\/wp\/v2\/pages\/56","targetHints":{"allow":["GET"]}}],"collection":[{"href":"https:\/\/www.usc-dolorssabate.es\/index.php\/wp-json\/wp\/v2\/pages"}],"about":[{"href":"https:\/\/www.usc-dolorssabate.es\/index.php\/wp-json\/wp\/v2\/types\/page"}],"author":[{"embeddable":true,"href":"https:\/\/www.usc-dolorssabate.es\/index.php\/wp-json\/wp\/v2\/users\/1"}],"replies":[{"embeddable":true,"href":"https:\/\/www.usc-dolorssabate.es\/index.php\/wp-json\/wp\/v2\/comments?post=56"}],"version-history":[{"count":13,"href":"https:\/\/www.usc-dolorssabate.es\/index.php\/wp-json\/wp\/v2\/pages\/56\/revisions"}],"predecessor-version":[{"id":1643,"href":"https:\/\/www.usc-dolorssabate.es\/index.php\/wp-json\/wp\/v2\/pages\/56\/revisions\/1643"}],"wp:attachment":[{"href":"https:\/\/www.usc-dolorssabate.es\/index.php\/wp-json\/wp\/v2\/media?parent=56"}],"curies":[{"name":"wp","href":"https:\/\/api.w.org\/{rel}","templated":true}]}}