{"id":608,"date":"2019-10-22T11:02:14","date_gmt":"2019-10-22T09:02:14","guid":{"rendered":"https:\/\/www.usc-dolorssabate.es\/?page_id=608"},"modified":"2025-02-21T19:08:05","modified_gmt":"2025-02-21T18:08:05","slug":"vita-aleman","status":"publish","type":"page","link":"https:\/\/www.usc-dolorssabate.es\/index.php\/de\/vita-aleman\/","title":{"rendered":"Vita (aleman)"},"content":{"rendered":"<p><div class=\"fusion-fullwidth fullwidth-box fusion-builder-row-1 nonhundred-percent-fullwidth non-hundred-percent-height-scrolling fusion-equal-height-columns\" style=\"--awb-border-radius-top-left:0px;--awb-border-radius-top-right:0px;--awb-border-radius-bottom-right:0px;--awb-border-radius-bottom-left:0px;--awb-flex-wrap:wrap;\" ><div class=\"fusion-builder-row fusion-row\"><div class=\"fusion-layout-column fusion_builder_column fusion-builder-column-0 fusion_builder_column_1_4 1_4 fusion-one-fourth fusion-column-first\" style=\"--awb-bg-size:cover;--awb-margin-top:80px;width:25%;width:calc(25% - ( ( 4% ) * 0.25 ) );margin-right: 4%;\" data-scroll-devices=\"small-visibility,medium-visibility,large-visibility\"><div class=\"fusion-column-wrapper fusion-column-has-shadow fusion-flex-column-wrapper-legacy\"><div class=\"fusion-column-content-centered\"><div class=\"fusion-column-content\"><div class=\"fusion-image-element fusion-image-align-center in-legacy-container\" style=\"text-align:center;--awb-caption-title-font-family:var(--h2_typography-font-family);--awb-caption-title-font-weight:var(--h2_typography-font-weight);--awb-caption-title-font-style:var(--h2_typography-font-style);--awb-caption-title-size:var(--h2_typography-font-size);--awb-caption-title-transform:var(--h2_typography-text-transform);--awb-caption-title-line-height:var(--h2_typography-line-height);--awb-caption-title-letter-spacing:var(--h2_typography-letter-spacing);\"><div class=\"imageframe-align-center\"><span class=\" fusion-imageframe imageframe-none imageframe-1 hover-type-none\"><img decoding=\"async\" width=\"738\" height=\"1600\" title=\"Dolors_Sabate_foto_2024\" src=\"https:\/\/www.usc-dolorssabate.es\/wp-content\/uploads\/2025\/02\/Dolors_Sabate_foto_2024-2.jpeg\" alt class=\"img-responsive wp-image-1034\" srcset=\"https:\/\/www.usc-dolorssabate.es\/wp-content\/uploads\/2025\/02\/Dolors_Sabate_foto_2024-2-200x434.jpeg 200w, https:\/\/www.usc-dolorssabate.es\/wp-content\/uploads\/2025\/02\/Dolors_Sabate_foto_2024-2-400x867.jpeg 400w, https:\/\/www.usc-dolorssabate.es\/wp-content\/uploads\/2025\/02\/Dolors_Sabate_foto_2024-2-600x1301.jpeg 600w, https:\/\/www.usc-dolorssabate.es\/wp-content\/uploads\/2025\/02\/Dolors_Sabate_foto_2024-2.jpeg 738w\" sizes=\"(max-width: 800px) 100vw, 400px\" \/><\/span><\/div><\/div><\/div><\/div><div class=\"fusion-clearfix\"><\/div><\/div><\/div><div class=\"fusion-layout-column fusion_builder_column fusion-builder-column-1 fusion_builder_column_3_4 3_4 fusion-three-fourth fusion-column-last\" style=\"--awb-bg-size:cover;--awb-margin-top:100px;width:75%;width:calc(75% - ( ( 4% ) * 0.75 ) );\"><div class=\"fusion-column-wrapper fusion-column-has-shadow fusion-flex-column-wrapper-legacy\"><div class=\"fusion-column-content-centered\"><div class=\"fusion-column-content\"><div class=\"fusion-text fusion-text-1\"><p style=\"text-align: justify;\"><span style=\"font-weight: 400;\">Ich habe meinen Doktortitel in Germanistik an der <a href=\"https:\/\/www.ub.edu\/web\/ub\/ca\/universitat\/campus_fac_dep\/departaments\/l\/depllengueslitmodernestudisanglesos.html\">Universit\u00e4t Barcelona<\/a> erlangt und meine akademische und wissenschaftliche Laufbahn an der <a href=\"https:\/\/www.ph-ludwigsburg.de\/\">P\u00e4dagogischen Hochschule Ludwigsburg<\/a>, der <a href=\"https:\/\/idsl1.phil-fak.uni-koeln.de\/\">Universit\u00e4t zu K\u00f6ln<\/a> und der <a href=\"https:\/\/www.uni-bamberg.de\/romanistik\/\">Otto-Friedrich-Universit\u00e4t Bamberg<\/a> weitergef\u00fchrt. Meine Forschung konzentriert sich auf moderne und zeitgen\u00f6ssische deutschsprachige Literatur aus einer interkulturellen, postkolonialen und geschlechtsspezifischen Perspektive. Derzeit habe ich eine Professur f\u00fcr Deutsche Philologie im Fachbereich f\u00fcr Englisch- und Germanistik an der Universit\u00e4t Santiago de Compostela inne.<\/span><\/p>\n<p style=\"text-align: justify;\"><span style=\"font-weight: 400;\">Ich habe an zahlreichen renommierten internationalen Foren teilgenommen, die mit meiner Fachrichtung in Verbindung stehen, und war als eingeladene Forscherin bei Konferenzen und akademischen Veranstaltungen t\u00e4tig. <\/span><span style=\"font-weight: 400;\">Ich verf\u00fcge \u00fcber umfangreiche Erfahrung in der Leitung, Verwaltung und Bewertung von Forschungsprojekten sowie in der Betreuung von Promotionsprogrammen und der Koordination von akademischen Mobilit\u00e4tsaustauschprogrammen \u2013 einschlie\u00dflich Erasmus+, Seneca und anderen bilateralen Vereinbarungen. Dar\u00fcber hinaus habe ich umfassende Erfahrung in der Evaluierung, Beratung und Erstellung von wissenschaftlich-technischen Berichten f\u00fcr staatliche und regionale Agenturen, akademische Austauschdienste und renommierte, in Referenzdatenbanken indexierte Fachzeitschriften.<\/span><\/p>\n<p style=\"text-align: justify;\"><span style=\"font-weight: 400;\">Ich war Stipendiatin des DAAD im Rahmen seiner Mobilit\u00e4tsprogramme f\u00fcr Senior-Forscher sowie des Programms des Ministeriums f\u00fcr Universit\u00e4ten f\u00fcr Aufenthalte von Professoren und Forschern an ausl\u00e4ndischen Institutionen und des Programms Salvador de Madariaga. Au\u00dferdem war ich Fellow im Programm Miller Fellowships in Exile Studies am Institute of Languages, Cultures and Societies der <a href=\"https:\/\/www.sas.ac.uk\/\">University of London<\/a>.<\/span><\/p>\n<p style=\"text-align: justify;\"><span style=\"font-weight: 400;\">Meine internationalen Kooperationen und Mobilit\u00e4tserfahrungen in Europa, Zentralasien, Lateinamerika, S\u00fcdafrika und dem Nahen Osten haben ma\u00dfgeblich zur Vertiefung meiner wissenschaftlichen und akademischen Ausbildung beigetragen. Gleichzeitig haben sie mein Weltverst\u00e4ndnis erweitert und mir neue Perspektiven und Wissensparadigmen er\u00f6ffnet.<\/span><\/p>\n<\/div><div class=\"fusion-image-element in-legacy-container\" style=\"--awb-caption-title-font-family:var(--h2_typography-font-family);--awb-caption-title-font-weight:var(--h2_typography-font-weight);--awb-caption-title-font-style:var(--h2_typography-font-style);--awb-caption-title-size:var(--h2_typography-font-size);--awb-caption-title-transform:var(--h2_typography-text-transform);--awb-caption-title-line-height:var(--h2_typography-line-height);--awb-caption-title-letter-spacing:var(--h2_typography-letter-spacing);\"><span class=\" fusion-imageframe imageframe-none imageframe-2 hover-type-none\"><a class=\"fusion-no-lightbox\" href=\"https:\/\/www.usc-dolorssabate.es\/index.php\/de\/vita-3\/\" target=\"_self\" aria-label=\"Mehr\"><img decoding=\"async\" width=\"75\" height=\"27\" src=\"https:\/\/www.usc-dolorssabate.es\/wp-content\/uploads\/2025\/02\/Mehr-1-e1739796778670.png\" alt class=\"img-responsive wp-image-1148\"\/><\/a><\/span><\/div><\/div><\/div><div class=\"fusion-clearfix\"><\/div><\/div><\/div><\/div><\/div><div class=\"fusion-fullwidth fullwidth-box fusion-builder-row-2 nonhundred-percent-fullwidth non-hundred-percent-height-scrolling\" style=\"--awb-border-radius-top-left:0px;--awb-border-radius-top-right:0px;--awb-border-radius-bottom-right:0px;--awb-border-radius-bottom-left:0px;--awb-flex-wrap:wrap;\" ><div class=\"fusion-builder-row fusion-row\"><div class=\"fusion-layout-column fusion_builder_column fusion-builder-column-2 fusion_builder_column_1_5 1_5 fusion-one-fifth fusion-column-first\" style=\"--awb-bg-size:cover;width:20%;width:calc(20% - ( ( 4% + 4% + 4% + 4% ) * 0.2 ) );margin-right: 4%;\"><div class=\"fusion-column-wrapper fusion-column-has-shadow fusion-flex-column-wrapper-legacy\"><div class=\"fusion-clearfix\"><\/div><\/div><\/div><div class=\"fusion-layout-column fusion_builder_column fusion-builder-column-3 fusion_builder_column_1_5 1_5 fusion-one-fifth\" style=\"--awb-bg-size:cover;width:20%;width:calc(20% - ( ( 4% + 4% + 4% + 4% ) * 0.2 ) );margin-right: 4%;\"><div class=\"fusion-column-wrapper fusion-column-has-shadow fusion-flex-column-wrapper-legacy\"><div class=\"fusion-clearfix\"><\/div><\/div><\/div><div class=\"fusion-layout-column fusion_builder_column fusion-builder-column-4 fusion_builder_column_1_5 1_5 fusion-one-fifth\" style=\"--awb-bg-size:cover;width:20%;width:calc(20% - ( ( 4% + 4% + 4% + 4% ) * 0.2 ) );margin-right: 4%;\"><div class=\"fusion-column-wrapper fusion-column-has-shadow fusion-flex-column-wrapper-legacy\"><div class=\"fusion-image-element fusion-image-align-center in-legacy-container\" style=\"text-align:center;--awb-caption-title-font-family:var(--h2_typography-font-family);--awb-caption-title-font-weight:var(--h2_typography-font-weight);--awb-caption-title-font-style:var(--h2_typography-font-style);--awb-caption-title-size:var(--h2_typography-font-size);--awb-caption-title-transform:var(--h2_typography-text-transform);--awb-caption-title-line-height:var(--h2_typography-line-height);--awb-caption-title-letter-spacing:var(--h2_typography-letter-spacing);\"><div class=\"imageframe-align-center\"><span class=\" fusion-imageframe imageframe-none imageframe-3 hover-type-none\"><img decoding=\"async\" width=\"32\" height=\"203\" title=\"SEPARADOR\" src=\"https:\/\/www.usc-dolorssabate.es\/wp-content\/uploads\/2019\/05\/SEPARADOR.png\" alt class=\"img-responsive wp-image-27\"\/><\/span><\/div><\/div><div class=\"fusion-clearfix\"><\/div><\/div><\/div><div class=\"fusion-layout-column fusion_builder_column fusion-builder-column-5 fusion_builder_column_1_5 1_5 fusion-one-fifth\" style=\"--awb-bg-size:cover;width:20%;width:calc(20% - ( ( 4% + 4% + 4% + 4% ) * 0.2 ) );margin-right: 4%;\"><div class=\"fusion-column-wrapper fusion-column-has-shadow fusion-flex-column-wrapper-legacy\"><div class=\"fusion-clearfix\"><\/div><\/div><\/div><div class=\"fusion-layout-column fusion_builder_column fusion-builder-column-6 fusion_builder_column_1_5 1_5 fusion-one-fifth fusion-column-last\" style=\"--awb-bg-size:cover;width:20%;width:calc(20% - ( ( 4% + 4% + 4% + 4% ) * 0.2 ) );\"><div class=\"fusion-column-wrapper fusion-column-has-shadow fusion-flex-column-wrapper-legacy\"><div class=\"fusion-clearfix\"><\/div><\/div><\/div><\/div><\/div><div class=\"fusion-fullwidth fullwidth-box fusion-builder-row-3 nonhundred-percent-fullwidth non-hundred-percent-height-scrolling\" style=\"--awb-border-radius-top-left:0px;--awb-border-radius-top-right:0px;--awb-border-radius-bottom-right:0px;--awb-border-radius-bottom-left:0px;--awb-flex-wrap:wrap;\" ><div class=\"fusion-builder-row fusion-row\"><div class=\"fusion-layout-column fusion_builder_column fusion-builder-column-7 fusion_builder_column_1_1 1_1 fusion-one-full fusion-column-first fusion-column-last\" style=\"--awb-bg-size:cover;\"><div class=\"fusion-column-wrapper fusion-column-has-shadow fusion-flex-column-wrapper-legacy\"><div class=\"fusion-text fusion-text-2\"><p style=\"text-align: center;\"><strong>Kontakt<\/strong><\/p>\n<p style=\"text-align: center;\"><strong><a href=\"mailto:dolors.sabate.planes@usc.es\" target=\"_blank\" rel=\"nofollow noopener noreferrer\">dolors.sabate.planes@usc.es<\/a><\/strong><\/p>\n<p style=\"text-align: center;\">Departamento de Filolog\u00eda Inglesa y Alemana<br \/>\nFacultad de Filolog\u00eda<br \/>\nBurgo das naci\u00f3ns s\/n. 15705<\/p>\n<p style=\"text-align: center;\"><a href=\"https:\/\/www.usc.gal\/gl\">Universidad de Santiago de Compostela<\/a><\/p>\n<\/div><div class=\"fusion-clearfix\"><\/div><\/div><\/div><\/div><\/div><\/p>\n","protected":false},"excerpt":{"rendered":"","protected":false},"author":1,"featured_media":0,"parent":0,"menu_order":0,"comment_status":"closed","ping_status":"closed","template":"100-width.php","meta":{"footnotes":""},"class_list":["post-608","page","type-page","status-publish","hentry"],"_links":{"self":[{"href":"https:\/\/www.usc-dolorssabate.es\/index.php\/wp-json\/wp\/v2\/pages\/608","targetHints":{"allow":["GET"]}}],"collection":[{"href":"https:\/\/www.usc-dolorssabate.es\/index.php\/wp-json\/wp\/v2\/pages"}],"about":[{"href":"https:\/\/www.usc-dolorssabate.es\/index.php\/wp-json\/wp\/v2\/types\/page"}],"author":[{"embeddable":true,"href":"https:\/\/www.usc-dolorssabate.es\/index.php\/wp-json\/wp\/v2\/users\/1"}],"replies":[{"embeddable":true,"href":"https:\/\/www.usc-dolorssabate.es\/index.php\/wp-json\/wp\/v2\/comments?post=608"}],"version-history":[{"count":8,"href":"https:\/\/www.usc-dolorssabate.es\/index.php\/wp-json\/wp\/v2\/pages\/608\/revisions"}],"predecessor-version":[{"id":1594,"href":"https:\/\/www.usc-dolorssabate.es\/index.php\/wp-json\/wp\/v2\/pages\/608\/revisions\/1594"}],"wp:attachment":[{"href":"https:\/\/www.usc-dolorssabate.es\/index.php\/wp-json\/wp\/v2\/media?parent=608"}],"curies":[{"name":"wp","href":"https:\/\/api.w.org\/{rel}","templated":true}]}}