{"id":619,"date":"2019-05-20T20:00:07","date_gmt":"2019-05-20T18:00:07","guid":{"rendered":"https:\/\/www.usc-dolorssabate.es\/?page_id=619"},"modified":"2026-01-05T12:47:09","modified_gmt":"2026-01-05T11:47:09","slug":"projekte","status":"publish","type":"page","link":"https:\/\/www.usc-dolorssabate.es\/index.php\/de\/projekte\/","title":{"rendered":"projekte"},"content":{"rendered":"<div class=\"fusion-fullwidth fullwidth-box fusion-builder-row-1 nonhundred-percent-fullwidth non-hundred-percent-height-scrolling\" style=\"--awb-border-radius-top-left:0px;--awb-border-radius-top-right:0px;--awb-border-radius-bottom-right:0px;--awb-border-radius-bottom-left:0px;--awb-flex-wrap:wrap;\" ><div class=\"fusion-builder-row fusion-row\"><div class=\"fusion-layout-column fusion_builder_column fusion-builder-column-0 fusion_builder_column_1_1 1_1 fusion-one-full fusion-column-first fusion-column-last\" style=\"--awb-bg-size:cover;\"><div class=\"fusion-column-wrapper fusion-column-has-shadow fusion-flex-column-wrapper-legacy\"><div class=\"fusion-text fusion-text-1\"><hr \/>\n<ul>\n<li>\n<h3 style=\"text-align: justify;\"><strong style=\"text-align: justify; font-size: 16px;\"><span style=\"color: #14419c;\"><a style=\"color: #14419c;\" href=\"https:\/\/esprelit.web.uah.es\/\">ESPRELIT &#8211; Escenarios de precariedad, violencia y vulnerabilidad en la literatura actual en lengua alemana<\/a>. <\/span><\/strong><span style=\"font-weight: 400;\">Ref. CM\/DEMG\/2024-017, Irina Ursachi (<\/span>Hauptforscherin<span style=\"font-weight: 400;\">). Finanziert von der Autonomen Gemeinschaft Madrid. Betrag: 59.800. Weitere Wissenschaftler: Dolors Sabat\u00e9 Planes, Silos Ribas, Lorena Beatriz; Bascoy Lamelas, Montserrat; Bescansa Leir\u00f3s, Mar\u00eda do Carmen; G\u00f3mez Pato, Rosa Marta; Roca Ara\u00f1\u00f3, Francisca. Dauer: 01\/01\/2025-31\/12\/2026.<\/span><\/h3>\n<\/li>\n<li>\n<h3 style=\"text-align: justify;\"><span style=\"color: #000000;\"><strong>HERITAGE-ED: Educational Innovation and Heritage Digitization for Regional Cohesion and Sustainable Development (Caucasus-Central Asia- Europe) <\/strong><\/span><span style=\"font-weight: 400;\"><span style=\"color: #000000;\"><strong>Capacity Building Actions.<\/strong> Call 2025. In Zusammenarbeit mit folgenden Universit\u00e4ten<\/span>:<\/span> <span style=\"font-weight: 400;\">Akhmet Baitursynuly Kostanay Regional University (ABKRU) \u2013 Kazakhstan, Eurasia International University (EIU) \u2013 Armenia, International Information Technology University (IITU) \u2013 Kazakhstan, Kazakh Ablaykhan University of International Relations and World Languages (KAUIR&amp;WL) \u2013 Kazakhstan, New University Lisbon (UNL) \u2013 Portugal, NGO La Rep\u00fablica de la Felicidad &#8211; Armenia (LRDLF), Samarkand State Institute of Foreign Languages (SamSIFL) \u2013 Uzbekistan, University of Santiago de Compostela (USC) (Coordinator) \u2013 Spain, Urganch State Pedagogical Institute (UrSPI) \u2013 Uzbekistan, Urganch State University (UrSU) \u2013 Uzbekistan, Yerevan State University (YSU) \u2013 Armenia.<\/span><\/h3>\n<\/li>\n<li>\n<h3 style=\"text-align: justify;\"><span style=\"color: #1441c9;\"><a style=\"color: #1441c9;\" href=\"https:\/\/usc-litlin.eu\/en\/home-english\/\"><strong>Transdisziplin\u00e4re Ans\u00e4tze und digitale Werkzeuge in der Untersuchung europ\u00e4ischer Sprachen und Kulturen.<\/strong><\/a><\/span> 2022. (Ref. GPC 1954). Koordinator <span style=\"font-weight: 400;\">\u2013<\/span> Finanziert von der Regionalregierung von Galicien, Generaldirektion f\u00fcr Wissenschaftliche und Technologische F\u00f6rderung. Konsolidierungsprogramm f\u00fcr Forschungsgruppen mit hohem Wachstumspotenzial. Dauer: 2022 \u2013 2025.<\/h3>\n<\/li>\n<li>\n<h3 style=\"text-align: justify;\"><strong><span style=\"color: #0000ff;\"><a style=\"color: #0000ff;\" href=\"https:\/\/usc-vitruvia.es\/omeka\/\"><span style=\"color: #1441c9;\">ExFemLiOn.<\/span><\/a><\/span>\u00a0Online-Korpus von Autorinnen und biografischen Texten zum deutschsprachigen Exil.<\/strong> 2016. Hauptforscher \u2013 Finanziert vom Ministerium f\u00fcr Wissenschaft, Innovation und Hochschulen und dem Europ\u00e4ischen Fonds f\u00fcr regionale Entwicklung (FEDER). Dauer: 2016 \u2013 2019.<\/h3>\n<\/li>\n<li>\n<h3 style=\"text-align: justify;\"><span style=\"color: #1441c9;\"><a style=\"color: #1441c9;\" href=\"https:\/\/investigacion.usc.gal\/grupos\/4732\/detalle?lang=es\"><strong>Hauptforscher der Forschungsgruppe LitLin.<\/strong><\/a><\/span> (Ref. GPC 1954) <span style=\"font-weight: 400;\">\u2013 <\/span>Finanziert von der Regionalregierung von Galicien, Generaldirektion f\u00fcr Wissenschaftliche und Technologische F\u00f6rderung. Konsolidierungsprogramm f\u00fcr Forschungsgruppen mit hohem Wachstumspotenzial. Dauer: 2009 \u2013 2017.<\/h3>\n<\/li>\n<li>\n<h3 style=\"text-align: justify;\"><strong><a href=\"https:\/\/investigacion.usc.gal\/proyectos\/34004\/detalle?lang=es\"><span style=\"color: #1441c9;\">Mobilit\u00e4t, Frauen und Autofiktion: Untersuchung der Mobilit\u00e4t in der deutschsprachigen weiblichen autobiographischen Fiktion aus der Gender-Perspektive.<\/span><\/a><\/strong> Hauptforscher \u2013 Finanziert vom spanischen Ministerium f\u00fcr Wissenschaft und Technologie. Nationales Programm f\u00fcr Exzellenz in wissenschaftlicher und technischer Forschung und der Europ\u00e4ische Fonds f\u00fcr regionale Entwicklung. 2015 (2015-PN041). Ref.FEM2015-71909-REDT. MINECO \u2013 Plan Estatal (2013-2016). Dauer: 2015 \u2013 2017.<\/h3>\n<\/li>\n<li>\n<h3 style=\"text-align: justify;\"><b>Autobiographisches Schreiben deutsch-j\u00fcdischer Schriftstellerinnen (19. und 20. Jahrhundert).<\/b> (2012-PN112). Ref.FEM2012-31274. PN. Hauptforscher \u2013 Finanziert vom spanischen Ministerium f\u00fcr Wissenschaft und Technologie. Nationales Programm f\u00fcr Exzellenz in wissenschaftlicher und technischer Forschung und der Europ\u00e4ische Fonds f\u00fcr regionale Entwicklung &#8211; Philologie und Philosophie. Dauer: 2013 &#8211; 2015.<\/h3>\n<\/li>\n<li>\n<h3 style=\"text-align: justify;\"><strong>Judaismus und Weiblichkeit: Repr\u00e4sentation von Geschlecht und Kultur im Konflikt in der modernen und zeitgen\u00f6ssischen deutschen Literatur. <\/strong>2009. Hauptforscher \u2013 Finanziert vom spanischen Ministerium f\u00fcr Wissenschaft und Technologie. Nationales Programm f\u00fcr Exzellenz in wissenschaftlicher und technischer Forschung und der Europ\u00e4ische Fonds f\u00fcr regionale Entwicklung. Dauer: 2009 &#8211; 2012.<strong><br \/>\n<\/strong><\/h3>\n<\/li>\n<li>\n<h3 style=\"text-align: justify;\"><strong>Erz\u00e4hlende Texte von Frauen in deutscher Sprache (Eine vierj\u00e4hrige PhD-Forschungsstelle).<\/strong> (2005-PN094) Ref.HUM2005-00549. 5 PN &#8211;<b> <\/b>Geisteswissenschaften. Hauptforscher <b><span data-slate-leaf=\"true\" data-slate-fragment=\"JTVCJTdCJTIydHlwZSUyMiUzQSUyMnBhcmFncmFwaCUyMiUyQyUyMmNoaWxkcmVuJTIyJTNBJTVCJTdCJTIydGV4dCUyMiUzQSUyMlN0dWRpdW0lMjB1bmQlMjAlQzMlOUNiZXJzZXR6dW5nJTIwaW5zJTIwR2FsaXppc2NoZSUyMGRlciUyMEt1cnpnZXNjaGljaHRlJTIwaW4lMjBkZXV0c2NoZXIlMjBTcHJhY2hlJTIwKDE5NDUlMjAlRTIlODAlOTMlMjAxOTYwKSUyMiU3RCU1RCU3RCU1RA==\">\u2013 <\/span><\/b>Finanziert vom spanischen Ministerium f\u00fcr Wissenschaft und Technologie. Nationales Programm f\u00fcr Exzellenz in wissenschaftlicher und technischer Forschung und der Europ\u00e4ische Fonds f\u00fcr regionale Entwicklung. Dauer: 2005 &#8211; 2008.<\/h3>\n<\/li>\n<\/ul>\n<ul>\n<li>\n<h3 style=\"text-align: justify;\"><b>Stundenull in Feminin: Schriftstellerinnen in der deutschen Nachkriegsliteratur (<\/b><b>Eine vierj\u00e4hrige PhD-Forschungsstelle)<i>.<\/i><\/b><span style=\"font-weight: 400;\"> (2002-PN058) Ref.BFF2002-00860 4 PN &#8211; 2001-PGC. Hauptforscher <\/span><b><span data-slate-leaf=\"true\" data-slate-fragment=\"JTVCJTdCJTIydHlwZSUyMiUzQSUyMnBhcmFncmFwaCUyMiUyQyUyMmNoaWxkcmVuJTIyJTNBJTVCJTdCJTIydGV4dCUyMiUzQSUyMlN0dWRpdW0lMjB1bmQlMjAlQzMlOUNiZXJzZXR6dW5nJTIwaW5zJTIwR2FsaXppc2NoZSUyMGRlciUyMEt1cnpnZXNjaGljaHRlJTIwaW4lMjBkZXV0c2NoZXIlMjBTcHJhY2hlJTIwKDE5NDUlMjAlRTIlODAlOTMlMjAxOTYwKSUyMiU3RCU1RCU3RCU1RA==\">\u2013 <\/span><\/b><span style=\"font-weight: 400;\">Finanziert vom spanischen Ministerium f\u00fcr Wissenschaft und Technologie. Nationales Programm f\u00fcr Exzellenz in wissenschaftlicher und technischer Forschung und der Europ\u00e4ische Fonds f\u00fcr regionale Entwicklung. Dauer: 2002 &#8211; 2005.<br \/>\n<\/span><\/h3>\n<\/li>\n<\/ul>\n<ul>\n<li>\n<h3 style=\"text-align: justify;\"><b><span class=\"lookup-word\" data-slate-leaf=\"true\"><span data-slate-string=\"true\">Studium<\/span><\/span> <span class=\"lookup-word\" data-slate-leaf=\"true\"><span data-slate-string=\"true\">und<\/span><\/span> <span class=\"lookup-word\" data-slate-leaf=\"true\"><span data-slate-string=\"true\">\u00dcbersetzung<\/span><\/span> <span class=\"lookup-word\" data-slate-leaf=\"true\"><span data-slate-string=\"true\">ins<\/span><\/span> <span class=\"lookup-word\" data-slate-leaf=\"true\"><span data-slate-string=\"true\">Galizische<\/span><\/span> <span class=\"lookup-word\" data-slate-leaf=\"true\"><span data-slate-string=\"true\">der<\/span><\/span> <span class=\"lookup-word\" data-slate-leaf=\"true\"><span data-slate-string=\"true\">Kurzgeschichte<\/span><\/span> <span class=\"lookup-word\" data-slate-leaf=\"true\"><span data-slate-string=\"true\">in<\/span><\/span> <span class=\"lookup-word\" data-slate-leaf=\"true\"><span data-slate-string=\"true\">deutscher<\/span><\/span> <span class=\"lookup-word\" data-slate-leaf=\"true\"><span data-slate-string=\"true\">Sprache<\/span><\/span><span data-slate-leaf=\"true\" data-slate-fragment=\"JTVCJTdCJTIydHlwZSUyMiUzQSUyMnBhcmFncmFwaCUyMiUyQyUyMmNoaWxkcmVuJTIyJTNBJTVCJTdCJTIydGV4dCUyMiUzQSUyMlN0dWRpdW0lMjB1bmQlMjAlQzMlOUNiZXJzZXR6dW5nJTIwaW5zJTIwR2FsaXppc2NoZSUyMGRlciUyMEt1cnpnZXNjaGljaHRlJTIwaW4lMjBkZXV0c2NoZXIlMjBTcHJhY2hlJTIwKDE5NDUlMjAlRTIlODAlOTMlMjAxOTYwKSUyMiU3RCU1RCU3RCU1RA==\"> (1945 \u2013 1960)<\/span>. <\/b><strong>(1999-PG037) Ref.PGIDT99PXI20404A PGIDT \u2013 PXI (Programa Xeral de Investigaci\u00f3n).<\/strong> Hauptforscher <b><span data-slate-leaf=\"true\" data-slate-fragment=\"JTVCJTdCJTIydHlwZSUyMiUzQSUyMnBhcmFncmFwaCUyMiUyQyUyMmNoaWxkcmVuJTIyJTNBJTVCJTdCJTIydGV4dCUyMiUzQSUyMlN0dWRpdW0lMjB1bmQlMjAlQzMlOUNiZXJzZXR6dW5nJTIwaW5zJTIwR2FsaXppc2NoZSUyMGRlciUyMEt1cnpnZXNjaGljaHRlJTIwaW4lMjBkZXV0c2NoZXIlMjBTcHJhY2hlJTIwKDE5NDUlMjAlRTIlODAlOTMlMjAxOTYwKSUyMiU3RCU1RCU3RCU1RA==\">\u2013 <\/span><\/b>Finanziert vom spanischen Ministerium f\u00fcr Wissenschaft und Technologie. Nationales Programm f\u00fcr Exzellenz in wissenschaftlicher und technischer Forschung und der Europ\u00e4ische Fonds f\u00fcr regionale Entwicklung. Dauer: 1999 &#8211; 2001.<\/h3>\n<\/li>\n<\/ul>\n<\/div><div class=\"fusion-clearfix\"><\/div><\/div><\/div><\/div><\/div>\n","protected":false},"excerpt":{"rendered":"","protected":false},"author":1,"featured_media":0,"parent":0,"menu_order":0,"comment_status":"closed","ping_status":"closed","template":"","meta":{"footnotes":""},"class_list":["post-619","page","type-page","status-publish","hentry"],"_links":{"self":[{"href":"https:\/\/www.usc-dolorssabate.es\/index.php\/wp-json\/wp\/v2\/pages\/619","targetHints":{"allow":["GET"]}}],"collection":[{"href":"https:\/\/www.usc-dolorssabate.es\/index.php\/wp-json\/wp\/v2\/pages"}],"about":[{"href":"https:\/\/www.usc-dolorssabate.es\/index.php\/wp-json\/wp\/v2\/types\/page"}],"author":[{"embeddable":true,"href":"https:\/\/www.usc-dolorssabate.es\/index.php\/wp-json\/wp\/v2\/users\/1"}],"replies":[{"embeddable":true,"href":"https:\/\/www.usc-dolorssabate.es\/index.php\/wp-json\/wp\/v2\/comments?post=619"}],"version-history":[{"count":12,"href":"https:\/\/www.usc-dolorssabate.es\/index.php\/wp-json\/wp\/v2\/pages\/619\/revisions"}],"predecessor-version":[{"id":1642,"href":"https:\/\/www.usc-dolorssabate.es\/index.php\/wp-json\/wp\/v2\/pages\/619\/revisions\/1642"}],"wp:attachment":[{"href":"https:\/\/www.usc-dolorssabate.es\/index.php\/wp-json\/wp\/v2\/media?parent=619"}],"curies":[{"name":"wp","href":"https:\/\/api.w.org\/{rel}","templated":true}]}}

<div class="fusion-fullwidth fullwidth-box fusion-builder-row-1 nonhundred-percent-fullwidth non-hundred-percent-height-scrolling" style="--awb-border-radius-top-left:0px;--awb-border-radius-top-right:0px;--awb-border-radius-bottom-right:0px;--awb-border-radius-bottom-left:0px;--awb-flex-wrap:wrap;" ><div class="fusion-builder-row fusion-row"><div class="fusion-layout-column fusion_builder_column fusion-builder-column-0 fusion_builder_column_1_1 1_1 fusion-one-full fusion-column-first fusion-column-last" style="--awb-bg-size:cover;"><div class="fusion-column-wrapper fusion-column-has-shadow fusion-flex-column-wrapper-legacy"><div class="fusion-text fusion-text-1"><hr />
<ul>
<li>
<h3 style="text-align: justify;"><strong style="text-align: justify; font-size: 16px;"><span style="color: #14419c;"><a style="color: #14419c;" href="https://esprelit.web.uah.es/">ESPRELIT &#8211; Escenarios de precariedad, violencia y vulnerabilidad en la literatura actual en lengua alemana</a>. </span></strong><span style="font-weight: 400;">Ref. CM/DEMG/2024-017, Irina Ursachi (</span>Hauptforscherin<span style="font-weight: 400;">). Finanziert von der Autonomen Gemeinschaft Madrid. Betrag: 59.800. Weitere Wissenschaftler: Dolors Sabaté Planes, Silos Ribas, Lorena Beatriz; Bascoy Lamelas, Montserrat; Bescansa Leirós, María do Carmen; Gómez Pato, Rosa Marta; Roca Arañó, Francisca. Dauer: 01/01/2025-31/12/2026.</span></h3>
</li>
<li>
<h3 style="text-align: justify;"><span style="color: #000000;"><strong>HERITAGE-ED: Educational Innovation and Heritage Digitization for Regional Cohesion and Sustainable Development (Caucasus-Central Asia- Europe) </strong></span><span style="font-weight: 400;"><span style="color: #000000;"><strong>Capacity Building Actions.</strong> Call 2025. In Zusammenarbeit mit folgenden Universitäten</span>:</span> <span style="font-weight: 400;">Akhmet Baitursynuly Kostanay Regional University (ABKRU) – Kazakhstan, Eurasia International University (EIU) – Armenia, International Information Technology University (IITU) – Kazakhstan, Kazakh Ablaykhan University of International Relations and World Languages (KAUIR&amp;WL) – Kazakhstan, New University Lisbon (UNL) – Portugal, NGO La República de la Felicidad &#8211; Armenia (LRDLF), Samarkand State Institute of Foreign Languages (SamSIFL) – Uzbekistan, University of Santiago de Compostela (USC) (Coordinator) – Spain, Urganch State Pedagogical Institute (UrSPI) – Uzbekistan, Urganch State University (UrSU) – Uzbekistan, Yerevan State University (YSU) – Armenia.</span></h3>
</li>
<li>
<h3 style="text-align: justify;"><span style="color: #1441c9;"><a style="color: #1441c9;" href="https://usc-litlin.eu/en/home-english/"><strong>Transdisziplinäre Ansätze und digitale Werkzeuge in der Untersuchung europäischer Sprachen und Kulturen.</strong></a></span> 2022. (Ref. GPC 1954). Koordinator <span style="font-weight: 400;">–</span> Finanziert von der Regionalregierung von Galicien, Generaldirektion für Wissenschaftliche und Technologische Förderung. Konsolidierungsprogramm für Forschungsgruppen mit hohem Wachstumspotenzial. Dauer: 2022 – 2025.</h3>
</li>
<li>
<h3 style="text-align: justify;"><strong><span style="color: #0000ff;"><a style="color: #0000ff;" href="https://usc-vitruvia.es/omeka/"><span style="color: #1441c9;">ExFemLiOn.</span></a></span> Online-Korpus von Autorinnen und biografischen Texten zum deutschsprachigen Exil.</strong> 2016. Hauptforscher – Finanziert vom Ministerium für Wissenschaft, Innovation und Hochschulen und dem Europäischen Fonds für regionale Entwicklung (FEDER). Dauer: 2016 – 2019.</h3>
</li>
<li>
<h3 style="text-align: justify;"><span style="color: #1441c9;"><a style="color: #1441c9;" href="https://investigacion.usc.gal/grupos/4732/detalle?lang=es"><strong>Hauptforscher der Forschungsgruppe LitLin.</strong></a></span> (Ref. GPC 1954) <span style="font-weight: 400;">– </span>Finanziert von der Regionalregierung von Galicien, Generaldirektion für Wissenschaftliche und Technologische Förderung. Konsolidierungsprogramm für Forschungsgruppen mit hohem Wachstumspotenzial. Dauer: 2009 – 2017.</h3>
</li>
<li>
<h3 style="text-align: justify;"><strong><a href="https://investigacion.usc.gal/proyectos/34004/detalle?lang=es"><span style="color: #1441c9;">Mobilität, Frauen und Autofiktion: Untersuchung der Mobilität in der deutschsprachigen weiblichen autobiographischen Fiktion aus der Gender-Perspektive.</span></a></strong> Hauptforscher – Finanziert vom spanischen Ministerium für Wissenschaft und Technologie. Nationales Programm für Exzellenz in wissenschaftlicher und technischer Forschung und der Europäische Fonds für regionale Entwicklung. 2015 (2015-PN041). Ref.FEM2015-71909-REDT. MINECO – Plan Estatal (2013-2016). Dauer: 2015 – 2017.</h3>
</li>
<li>
<h3 style="text-align: justify;"><b>Autobiographisches Schreiben deutsch-jüdischer Schriftstellerinnen (19. und 20. Jahrhundert).</b> (2012-PN112). Ref.FEM2012-31274. PN. Hauptforscher – Finanziert vom spanischen Ministerium für Wissenschaft und Technologie. Nationales Programm für Exzellenz in wissenschaftlicher und technischer Forschung und der Europäische Fonds für regionale Entwicklung &#8211; Philologie und Philosophie. Dauer: 2013 &#8211; 2015.</h3>
</li>
<li>
<h3 style="text-align: justify;"><strong>Judaismus und Weiblichkeit: Repräsentation von Geschlecht und Kultur im Konflikt in der modernen und zeitgenössischen deutschen Literatur. </strong>2009. Hauptforscher – Finanziert vom spanischen Ministerium für Wissenschaft und Technologie. Nationales Programm für Exzellenz in wissenschaftlicher und technischer Forschung und der Europäische Fonds für regionale Entwicklung. Dauer: 2009 &#8211; 2012.<strong><br />
</strong></h3>
</li>
<li>
<h3 style="text-align: justify;"><strong>Erzählende Texte von Frauen in deutscher Sprache (Eine vierjährige PhD-Forschungsstelle).</strong> (2005-PN094) Ref.HUM2005-00549. 5 PN &#8211;<b> </b>Geisteswissenschaften. Hauptforscher <b><span data-slate-leaf="true" data-slate-fragment="JTVCJTdCJTIydHlwZSUyMiUzQSUyMnBhcmFncmFwaCUyMiUyQyUyMmNoaWxkcmVuJTIyJTNBJTVCJTdCJTIydGV4dCUyMiUzQSUyMlN0dWRpdW0lMjB1bmQlMjAlQzMlOUNiZXJzZXR6dW5nJTIwaW5zJTIwR2FsaXppc2NoZSUyMGRlciUyMEt1cnpnZXNjaGljaHRlJTIwaW4lMjBkZXV0c2NoZXIlMjBTcHJhY2hlJTIwKDE5NDUlMjAlRTIlODAlOTMlMjAxOTYwKSUyMiU3RCU1RCU3RCU1RA==">– </span></b>Finanziert vom spanischen Ministerium für Wissenschaft und Technologie. Nationales Programm für Exzellenz in wissenschaftlicher und technischer Forschung und der Europäische Fonds für regionale Entwicklung. Dauer: 2005 &#8211; 2008.</h3>
</li>
</ul>
<ul>
<li>
<h3 style="text-align: justify;"><b>Stundenull in Feminin: Schriftstellerinnen in der deutschen Nachkriegsliteratur (</b><b>Eine vierjährige PhD-Forschungsstelle)<i>.</i></b><span style="font-weight: 400;"> (2002-PN058) Ref.BFF2002-00860 4 PN &#8211; 2001-PGC. Hauptforscher </span><b><span data-slate-leaf="true" data-slate-fragment="JTVCJTdCJTIydHlwZSUyMiUzQSUyMnBhcmFncmFwaCUyMiUyQyUyMmNoaWxkcmVuJTIyJTNBJTVCJTdCJTIydGV4dCUyMiUzQSUyMlN0dWRpdW0lMjB1bmQlMjAlQzMlOUNiZXJzZXR6dW5nJTIwaW5zJTIwR2FsaXppc2NoZSUyMGRlciUyMEt1cnpnZXNjaGljaHRlJTIwaW4lMjBkZXV0c2NoZXIlMjBTcHJhY2hlJTIwKDE5NDUlMjAlRTIlODAlOTMlMjAxOTYwKSUyMiU3RCU1RCU3RCU1RA==">– </span></b><span style="font-weight: 400;">Finanziert vom spanischen Ministerium für Wissenschaft und Technologie. Nationales Programm für Exzellenz in wissenschaftlicher und technischer Forschung und der Europäische Fonds für regionale Entwicklung. Dauer: 2002 &#8211; 2005.<br />
</span></h3>
</li>
</ul>
<ul>
<li>
<h3 style="text-align: justify;"><b><span class="lookup-word" data-slate-leaf="true"><span data-slate-string="true">Studium</span></span> <span class="lookup-word" data-slate-leaf="true"><span data-slate-string="true">und</span></span> <span class="lookup-word" data-slate-leaf="true"><span data-slate-string="true">Übersetzung</span></span> <span class="lookup-word" data-slate-leaf="true"><span data-slate-string="true">ins</span></span> <span class="lookup-word" data-slate-leaf="true"><span data-slate-string="true">Galizische</span></span> <span class="lookup-word" data-slate-leaf="true"><span data-slate-string="true">der</span></span> <span class="lookup-word" data-slate-leaf="true"><span data-slate-string="true">Kurzgeschichte</span></span> <span class="lookup-word" data-slate-leaf="true"><span data-slate-string="true">in</span></span> <span class="lookup-word" data-slate-leaf="true"><span data-slate-string="true">deutscher</span></span> <span class="lookup-word" data-slate-leaf="true"><span data-slate-string="true">Sprache</span></span><span data-slate-leaf="true" data-slate-fragment="JTVCJTdCJTIydHlwZSUyMiUzQSUyMnBhcmFncmFwaCUyMiUyQyUyMmNoaWxkcmVuJTIyJTNBJTVCJTdCJTIydGV4dCUyMiUzQSUyMlN0dWRpdW0lMjB1bmQlMjAlQzMlOUNiZXJzZXR6dW5nJTIwaW5zJTIwR2FsaXppc2NoZSUyMGRlciUyMEt1cnpnZXNjaGljaHRlJTIwaW4lMjBkZXV0c2NoZXIlMjBTcHJhY2hlJTIwKDE5NDUlMjAlRTIlODAlOTMlMjAxOTYwKSUyMiU3RCU1RCU3RCU1RA=="> (1945 – 1960)</span>. </b><strong>(1999-PG037) Ref.PGIDT99PXI20404A PGIDT – PXI (Programa Xeral de Investigación).</strong> Hauptforscher <b><span data-slate-leaf="true" data-slate-fragment="JTVCJTdCJTIydHlwZSUyMiUzQSUyMnBhcmFncmFwaCUyMiUyQyUyMmNoaWxkcmVuJTIyJTNBJTVCJTdCJTIydGV4dCUyMiUzQSUyMlN0dWRpdW0lMjB1bmQlMjAlQzMlOUNiZXJzZXR6dW5nJTIwaW5zJTIwR2FsaXppc2NoZSUyMGRlciUyMEt1cnpnZXNjaGljaHRlJTIwaW4lMjBkZXV0c2NoZXIlMjBTcHJhY2hlJTIwKDE5NDUlMjAlRTIlODAlOTMlMjAxOTYwKSUyMiU3RCU1RCU3RCU1RA==">– </span></b>Finanziert vom spanischen Ministerium für Wissenschaft und Technologie. Nationales Programm für Exzellenz in wissenschaftlicher und technischer Forschung und der Europäische Fonds für regionale Entwicklung. Dauer: 1999 &#8211; 2001.</h3>
</li>
</ul>
</div><div class="fusion-clearfix"></div></div></div></div></div>
