{"id":652,"date":"2019-06-27T15:59:49","date_gmt":"2019-06-27T13:59:49","guid":{"rendered":"https:\/\/www.usc-dolorssabate.es\/?page_id=652"},"modified":"2026-01-05T12:58:26","modified_gmt":"2026-01-05T11:58:26","slug":"otras-publicaciones-ingles","status":"publish","type":"page","link":"https:\/\/www.usc-dolorssabate.es\/index.php\/en\/otras-publicaciones-ingles\/","title":{"rendered":"otras publicaciones 2 (ingles)"},"content":{"rendered":"<div class=\"fusion-fullwidth fullwidth-box fusion-builder-row-1 nonhundred-percent-fullwidth non-hundred-percent-height-scrolling\" style=\"--awb-border-radius-top-left:0px;--awb-border-radius-top-right:0px;--awb-border-radius-bottom-right:0px;--awb-border-radius-bottom-left:0px;--awb-flex-wrap:wrap;\" ><div class=\"fusion-builder-row fusion-row\"><div class=\"fusion-layout-column fusion_builder_column fusion-builder-column-0 fusion_builder_column_1_1 1_1 fusion-one-full fusion-column-first fusion-column-last\" style=\"--awb-bg-size:cover;\"><div class=\"fusion-column-wrapper fusion-column-has-shadow fusion-flex-column-wrapper-legacy\"><div class=\"fusion-text fusion-text-1\"><hr \/>\n<ul>\n<li>\n<h3 style=\"text-align: justify;\"><strong><span style=\"color: #0000ff;\"><a href=\"https:\/\/www.peterlang.com\/document\/1319687\"><span style=\"color: #0000ff;\"><span style=\"color: #1441c9;\">\u201cVulnerabilidad, subalternidad y memoria en <i>Wie das Soldat das Grammofon repariert<\/i>, de Sa\u0161a Stani\u0161i\u0107\u201d<\/span><\/span><\/a><\/span>.<\/strong> En: Maldonado Alem\u00e1n, Manuel; Borrero Zapata, V\u00edctor Manuel, Hinojosa Pic\u00f3n, Olga (eds.) <i>Hybridit\u00e4t und Transkulturalit\u00e4t in deutschsprachigen Gegenwartsromanen \/ Hibridismo y transculturalidad en la narrativa actual en lengua alemana<\/i><em>, <\/em>Peter Lang, 2025, pp. 93-108.<\/h3>\n<\/li>\n<li>\n<h3 style=\"text-align: justify;\"><strong style=\"font-size: 16px;\"><span style=\"color: #0000ff;\"><a href=\"https:\/\/www.peterlang.com\/document\/1319687\"><span style=\"color: #1441c9;\">\u201c<\/span><\/a><\/span><\/strong><span style=\"color: #0000ff;\"><a href=\"https:\/\/link.springer.com\/book\/10.1007\/978-3-662-71865-0\"><strong><span style=\"color: #1441c9;\">Javier Mar\u00edas: <em>Todas las almas<\/em><\/span><\/strong><\/a><\/span><span style=\"font-weight: 400;\"><span style=\"color: #0000ff;\"><span style=\"color: #000080;\"><strong>\u201d<\/strong><\/span>.<\/span> En: Grugger, Helmut y Neuhaus, Stefan (ed.) <\/span><i>Der Campusroman. Texten \u2013 Theorien \u2013 Traditionen<\/i>. Metzler, 2025, pp. 657-661.<\/h3>\n<\/li>\n<li>\n<h3 style=\"text-align: justify;\"><strong><span style=\"color: #0000ff;\"><a href=\"https:\/\/www.upf.edu\/web\/humanitats\/proyectos-investigacion\/-\/asset_publisher\/hm2JAMyOEdJi\/content\/pioneras-en-la-critica-de-la-vida-cotidiana-retrato-existencial-y-mirada-micrologica-de-lo-cotidiano-en-las-atentas-cronistas-en-lengua-alemana-del-pe\/maximized\"><span style=\"color: #1441c9;\">\u201cLa mirada a la Alemania de entreguerras de Paula Schlier: entre el escrutinio y la visi\u00f3n<\/span><\/a><\/span><\/strong><span style=\"font-weight: 400;\"><span style=\"color: #0000ff;\"><strong><span style=\"color: #000080;\">\u201d<\/span><\/strong>.<\/span> En: Teresa Vinardell Puig, Sonia Arribas, Roc\u00edo Sola Jim\u00e9nez (eds.)<i> Atentas: Pioneras en la cr\u00edtica de la vida cotidiana<\/i>. Ed. Dykinson, 2025, pp. 67-74.<\/span><\/h3>\n<\/li>\n<li>\n<h3 style=\"text-align: justify;\"><strong><span style=\"color: #0000ff;\"><a href=\"https:\/\/link.springer.com\/book\/9783662727874\"><span style=\"color: #1441c9;\">\u201cAurora Bertrana und Erna Pinner: Unterwegs im Orient als K\u00fcnstlerinnen<\/span><\/a><\/span><\/strong><span style=\"font-weight: 400;\"><span style=\"color: #0000ff;\"><strong><span style=\"color: #000080;\">\u201d<\/span><\/strong>.<\/span> En: Holdenried, Michela; Rindele, Hanna y Stein, Jeremias (Eds.) <i>Reiseansichten. K\u00fcnstler:innen- und Forschungsreisen in der Literatur. <\/i>Springer, 2025, Berlin (en prensa).<\/span><\/h3>\n<\/li>\n<li>\n<h3 style=\"text-align: justify;\"><a href=\"https:\/\/papiro.unizar.es\/ojs\/index.php\/tropelias\/article\/view\/10989\"><strong><span style=\"color: #1441c9;\">El disciplinamiento de la alteridad en el Bildungsroman de autor\u00eda femenina<\/span><\/strong><\/a>. In: Fern\u00e1ndez Folgueiras, Erea; Navacerrada, Andrea (eds.). Otra educaci\u00f3n sentimental: formas y relatos para otras vidas. Tropel\u00edas. Revista de Teor\u00eda de la Literatura y Literatura Comparada<em>,<\/em> 43, 2025, 9 \u2013 20.<\/h3>\n<\/li>\n<li>\n<h3 style=\"text-align: justify;\"><strong><a href=\"https:\/\/www.usc-dolorssabate.es\/wp-content\/uploads\/2025\/02\/Literarische_Variationen_des_Prinzip_Hoffnung_bei_lenka_reinerova.pdf\"><span style=\"color: #1441c9;\">Literarische Variationen des \u201ePrinzip Hoffnung\u201c bei Lenka Reinerov\u00e1<\/span><\/a>.<\/strong> In: Ca\u00f1adas Garc\u00eda, Teresa; G\u00f3mez Garc\u00eda, Carmen; Maedig, Linda (Hrg.). <em>Revolution! Deutschsprachige Kulturen im Umbruch 1918 \u2013 1968<\/em>. Erich Schmidt. G\u00f6ttingen, 2023, 139 \u2013 148.<\/h3>\n<\/li>\n<li>\n<h3 style=\"text-align: justify;\"><strong><span style=\"color: #1441c9;\"><a style=\"color: #1441c9;\" href=\"https:\/\/www.degruyter.com\/document\/doi\/10.1515\/anger-2023-0006\/html?lang=de&amp;srsltid=AfmBOop9ZCkdqKVQiuCR9unoCyACLx_U7G7YGQY1lTjjw1ePAAWIlVwA\">Erna Pinner und Julian Huxley. Konstellationen des naturalistischen Diskurses im britischen Exil<\/a><\/span>.<\/strong>\u00a0 In: Angermion. Yearbook for Anglo-German Literary Criticism, Intellectual History and Cultural Transfers \/ Jahrbuch f\u00fcr britisch-deutsche Kulturbeziehungen. 2023, 169 \u2013 182.<\/h3>\n<\/li>\n<li>\n<h3 style=\"text-align: justify;\"><strong><a href=\"https:\/\/www.usc-dolorssabate.es\/wp-content\/uploads\/2025\/02\/Urbanitzky-Revista-sudafrica-1.pdf\"><span style=\"color: #1441c9;\">Grete von Urbanitzky&#8217;s Bildungsroman <em>Eine Frau erlebt die Welt<\/em> as a breeding programme of female peripheral alterity<\/span><\/a>.<\/strong> In: van den Berg, Cillier (ed.). <em>Acta Germanica. German Studies in Africa &#8211; Jahrbuch des Germanistenverbandes im s\u00fcdlichen Afrika\/Journal of the Association for German Studies in Southern Africa<\/em>. Peter Lang, 2023, 216 \u2013 225.<\/h3>\n<\/li>\n<li>\n<h3 style=\"text-align: justify;\"><strong><a href=\"https:\/\/library.oapen.org\/bitstream\/handle\/20.500.12657\/60729\/9783034345705.pdf%3Bjsessionid%3D75EB8630710C7CAC2E97BC0D3B96E647?sequence=1\"><span style=\"color: #1441c9;\">Bild und Schrift im erz\u00e4hlerischen Werk Erna Pinners<\/span><\/a>.<\/strong> In: Godlewicz-Adamiec, Joanna; Piszczatowski, Pawe\u0142; Planes Sabat\u00e9, Dolors (Hrg.). Jahrbuch f\u00fcr internationale Germanistik<strong>.<\/strong> Wege der Germanistik in transkultureller Perspektive. Entgrenzte Literatur. Kontextbezogene Textbetrachtungen aus interkultureller Sicht. 2022, 187 \u2013 199.<\/h3>\n<\/li>\n<li>\n<h3 style=\"text-align: justify;\"><span style=\"color: #1441c9;\"><strong><a style=\"color: #1441c9;\" href=\"https:\/\/www.usc-dolorssabate.es\/wp-content\/uploads\/2025\/02\/Definieren_grentz_an_Unterhohlen_und_setzt_dem_Zugriff_der_Traume_aus.pdf\">\u201e<\/a><\/strong><strong><a style=\"color: #1441c9;\" href=\"https:\/\/www.usc-dolorssabate.es\/wp-content\/uploads\/2025\/02\/Definieren_grentz_an_Unterhohlen_und_setzt_dem_Zugriff_der_Traume_aus.pdf\">Definieren grenzt an Unterh\u00f6hlen und setzt dem Zugriff der Tr\u00e4ume aus<\/a><\/strong><strong><a style=\"color: #1441c9;\" href=\"https:\/\/www.usc-dolorssabate.es\/wp-content\/uploads\/2021\/01\/F%C3%BCr-ausgesprochen-missgestaltete-Tiere.pdf\">\u201d<\/a><\/strong><\/span><a href=\"https:\/\/www.usc-dolorssabate.es\/wp-content\/uploads\/2025\/02\/Definieren_grentz_an_Unterhohlen_und_setzt_dem_Zugriff_der_Traume_aus.pdf\"><strong><span style=\"color: #1441c9;\">. Magisch-realistische Konstellationen in Ilse Aichingers Kurzprosa<\/span>.<\/strong><\/a> In: Wilkes, Geoff (Hrg.). <em>Zwischen Abschied und Ankunft. Between Departure and Arrival. Ilse Aichinger\/ Helga Michie. <\/em>K\u00f6nigshausen &amp; Neumann. W\u00fcrzburg, 2021, 71 \u2013 81.<\/h3>\n<\/li>\n<li>\n<h3 style=\"text-align: justify;\"><span style=\"color: #1441c9;\"><strong><a style=\"color: #1441c9;\" href=\"https:\/\/www.usc-dolorssabate.es\/wp-content\/uploads\/2021\/01\/F%C3%BCr-ausgesprochen-missgestaltete-Tiere.pdf\">\u201e<\/a><\/strong><\/span><strong><a href=\"https:\/\/www.usc-dolorssabate.es\/wp-content\/uploads\/2021\/01\/F%C3%BCr-ausgesprochen-missgestaltete-Tiere.pdf\"><span style=\"color: #1441c9;\">\u2026\u2019f\u00fcr ausgesprochen mi\u03b2gestaltete Tiere ist in der Natur kein Platz\u2019. Bruch und Kontinuit\u00e4t in Erna Pinners Exilwerk Panorama des Lebens (1961)\u201d<\/span><\/a>.<\/strong> In: Blanco H\u00f6lscher, Margarita; Jurcic, Christina (Hrg.). <i>Narrationen in Bewegung. <\/i>Aisthesis Verlag. Bielefeld, 2019, 123 \u2013 134.<\/h3>\n<\/li>\n<li>\n<h3 style=\"text-align: justify;\"><span style=\"color: #1441c9;\"><strong><a style=\"color: #1441c9;\" href=\"https:\/\/www.usc-dolorssabate.es\/wp-content\/uploads\/2021\/01\/Rilkes-Aufnahme-der-spanischen-Malerei.pdf\">\u201e<\/a><\/strong><\/span><strong><a href=\"https:\/\/www.usc-dolorssabate.es\/wp-content\/uploads\/2021\/01\/Rilkes-Aufnahme-der-spanischen-Malerei.pdf\"><span style=\"color: #1441c9;\">Rilkes Aufnahme der spanischen Malerei. Variationen des Spanienbildes in der Literatur del Avantgarde\u201d<\/span><\/a><\/strong><strong>.<\/strong> In: Goldlewicz-Adamiec, Piszczatowski; Szybisty, Tomasz (Hrg.). <i>Literatur und Malerei<\/i>. Universit\u00e4t Warschau, 2018, 131 \u2013 142.<\/h3>\n<\/li>\n<li>\n<h3 style=\"text-align: justify;\"><span style=\"color: #1441c9;\"><strong><a style=\"color: #1441c9;\" href=\"https:\/\/www.usc-dolorssabate.es\/wp-content\/uploads\/2021\/01\/Bergen-von-ungeduld.pdf\">\u201e<\/a><\/strong><\/span><strong><span style=\"color: #1441c9;\"><a style=\"color: #1441c9;\" href=\"https:\/\/www.usc-dolorssabate.es\/wp-content\/uploads\/2021\/01\/Bergen-von-ungeduld.pdf\">Bergen von Ungeduld wachsen auf, gegen mein eigenes Herz\u201d. Mujeres escritoras del Expresionismo<\/a><\/span>.<\/strong> In: Mart\u00edn Mart\u00edn, Juan Manuel (Coord.). <em>Escritoras en lengua alemana. Renovaci\u00f3n del canon literario<strong>. <\/strong><\/em>Comares. Granada, 2018, 89 \u2013 95.<\/h3>\n<\/li>\n<li>\n<h3 style=\"text-align: justify;\"><strong><a href=\"https:\/\/www.usc-dolorssabate.es\/wp-content\/uploads\/2021\/01\/Friedliche-Reisen-hochmutiger-Blick.pdf\"><span style=\"color: #1441c9;\">Friedliche Reisen, hochm\u00fctiger Blick. Das reisende Paar Erna Pinner und Kasimir Edschmid. Reiseliteratur der Moderne und Postmoderne<\/span><span style=\"color: #000000;\">.<\/span><\/a> I<\/strong>n: Holdenried, Michaela; Honold, Alexander; Hermes, Stefan (Hrg.). <i>Reiseliteratur der Moderne und Postmoderne<\/i>. Erich Schmidt Verlag. Berlin, 2017, 81 \u2013 97.<\/h3>\n<\/li>\n<li>\n<h3 style=\"text-align: justify;\"><strong><a href=\"https:\/\/www.usc-dolorssabate.es\/wp-content\/uploads\/2021\/01\/Die-ideologische-Dimension-autobiographischer-Reiseberichte.pdf\"><span style=\"color: #1441c9;\">Die ideologische Dimension autobiographischer Reiseberichte. Erna Pinners Ich reise durch die Welt (1931)<\/span><span style=\"color: #000000;\">.<\/span><\/a><\/strong> In: Bascoy, Montserrat; Silos, Lorena. <i>Autobiographische Diskurse von Frauen (1900 \u2013 1950).<\/i> K\u00f6nigshausen Neumann. W\u00fcrzburg, 2017, 55 \u2013 65.<\/h3>\n<\/li>\n<li>\n<h3 style=\"text-align: justify;\">Topograf\u00eda cultural hisp\u00e1nica en la narrativa de viajes de Kasimir Edschmid. In: Raposo, Berta; Bernecker, Walter L. (ed.). <i>Spanische St\u00e4dte und Landschaften in der deutschen (Reise)literatur<\/i>. Peter Lang. Frankfurt\/M, 2017, 235 \u2013 242.<\/h3>\n<\/li>\n<li>\n<h3 style=\"text-align: justify;\"><a href=\"https:\/\/www.usc-dolorssabate.es\/wp-content\/uploads\/2021\/01\/Traduttore_Traditore.pdf\"><strong><span style=\"color: #1441c9;\">Valle-Incl\u00e1n al alem\u00e1n: \u00bf\u00bbtraduttore, traditore\u00bb?<\/span><\/strong><\/a> Anales de literatura espa\u00f1ola contempor\u00e1nea, ALEC, 3, 2017, 135-146.<\/h3>\n<\/li>\n<li>\n<h3 style=\"text-align: justify;\"><strong><a href=\"https:\/\/www.usc-dolorssabate.es\/wp-content\/uploads\/2021\/01\/Es-ist-wohl-nur-eine-Zeitfrage.pdf\"><span style=\"color: #1441c9;\">\u201e\u2026es ist wohl nur noch eine Zeitfrage, da\u00df die schwarzen Frauen Afrikas eines Tages ihre Nasenringe ausziehen\u2026\u201c: Gender und Armut in Erna Pinners\u00a0Reisebericht <\/span><i><span style=\"color: #1441c9;\">Ich reise durch die Welt<\/span><span style=\"color: #000000;\">.<\/span> <\/i><\/a><\/strong>In: Loster-Schneider et al. (Hrg). <em>Gender und Armut in der Geschichte und in der Gegenwart.<\/em> Leipziger Universit\u00e4tsverlag, 2016, 293 \u2013 313.<\/h3>\n<\/li>\n<li>\n<h3 style=\"text-align: justify;\"><span style=\"color: #1441c9;\"><strong><a style=\"color: #1441c9;\" href=\"https:\/\/www.usc-dolorssabate.es\/wp-content\/uploads\/2021\/01\/Hedonismo-y-quimera-en-los-territorios-interiores.pdf\">Gertrud Kolmar (1884 \u2013 1943): hedonismo y quimera en los territorios interiores<\/a><\/strong><\/span><strong>.<\/strong> In: Sabat\u00e9, Dolors; Bascoy, Montserrat (ed.). <i>Cuando el destino es el desarraigo. Voces jud\u00edas femeninas en los umbrales del Holocausto<\/i>. Biblioteca Nueva. Madrid, 2016, 217 \u2013 237.<\/h3>\n<\/li>\n<li>\n<h3 style=\"text-align: justify;\"><strong><a href=\"https:\/\/www.usc-dolorssabate.es\/wp-content\/uploads\/2021\/01\/El-discurso-de-la-desigualdad-Edschmidt.pdf\"><span style=\"color: #1441c9;\">El discurso de la desigualdad en la literatura de viajes de Kasimir Edschmid. Afrika nackt und angezogen (1929)<\/span><span style=\"color: #000000;\">.<\/span><\/a><\/strong> In: Fern\u00e1ndez Bueno, Marta; Ubierto Llamas, Miriam; Maldonado Alem\u00e1n, Manuel; Capero Montesinos, Manuel (eds.). <i>La literatura es algo m\u00e1s que el texto. Homenaje a Luis A. Acosta G\u00f3mez<\/i>. Peter Lang. Bern, 2016, 39 \u2013 45.<\/h3>\n<\/li>\n<li>\n<h3>Die Entwicklung der Gattungsgeschichte am Beispiel der Autobiographie. Estudios Filol\u00f3gicos Alemanes, 26, 2013, 115 \u2013 126.<\/h3>\n<\/li>\n<li>\n<h3 style=\"text-align: justify;\"><strong><a href=\"https:\/\/www.usc-dolorssabate.es\/wp-content\/uploads\/2021\/01\/Bettina-von-Arnim.-Entre-el-Volksk%C3%B6nigtum-y-el-activismo-social.pdf\" target=\"_blank\" rel=\"noopener noreferrer\" data-saferedirecturl=\"https:\/\/www.google.com\/url?q=https:\/\/www.usc-dolorssabate.es\/wp-content\/uploads\/2021\/01\/Bettina-von-Arnim.-Entre-el-Volksk%25C3%25B6nigtum-y-el-activismo-social.pdf&amp;source=gmail&amp;ust=1612182887602000&amp;usg=AFQjCNHWhb03UEVt121ZZ3XLAW28e3a3Xg\" data-mt-detrack-inspected=\"true\" data-mt-detrack-attachment-inspected=\"true\"><span style=\"color: #1441c9;\">Bettina von Arnim: Entre el Volksk\u00f6nigtum y el activismo social<\/span><\/a>.<\/strong> In: Vinardell, Teresa; Montan\u00e9, Anna; Pfeiffer, Michael (eds.). <i>\u201eWas mich wirklich interessiert\u201d. Homenatge a Jordi Jan\u00e9 Carb\u00f3<\/i>. \u00a0Documenta Universitaria. Edici\u00f3 F\u00f2rum. Universitat de Barcelona, 2011, 443 \u2013 450.<\/h3>\n<\/li>\n<li>\n<h3 style=\"text-align: justify;\"><strong><a href=\"https:\/\/www.usc-dolorssabate.es\/wp-content\/uploads\/2021\/01\/La-infranqueabilidad-del-t\u00f3pico.pdf\"><span style=\"color: #1441c9;\">\u201cLa infranqueabilidad del t\u00f3pico. Ram\u00f3n del Valle-Incl\u00e1n en Alemania\u201d<\/span><\/a>.<\/strong> In: Santos Zas, Margarita (ed.). <i>Theatralia. Valle-Incl\u00e1n y el Gran Teatro del Mundo<\/i>. Academia del Hispanismo, 2011, 167 \u2013 180.<\/h3>\n<\/li>\n<li>\n<h3 style=\"text-align: justify;\">\u201cDie Ausl\u00f6sung des Unheimlichen in Gertrud Kolmars <i>Susanna<\/i>\u201d<strong>.<\/strong> In: Sabat\u00e9 Planes, Dolors; Feij\u00f3o, Jaime (ed.). <i>Apropos Avantgarde. Neue Einblicke nach einhundert Jahren<\/i>. Frank &amp; Timme. Berlin, 2011, 30 \u2013 41.<\/h3>\n<\/li>\n<li>\n<h3 style=\"text-align: justify;\"><span style=\"color: #1441c9;\"><strong><a style=\"color: #1441c9;\" href=\"https:\/\/www.usc-dolorssabate.es\/wp-content\/uploads\/2021\/01\/Del-amor-y-la-inmortalidad.pdf\">Del amor y la inmortalidad:\u00a0<i>Goethes Briefwechsel mit einem Kinde<\/i> de Bettina von Arnim<\/a><\/strong><\/span><span style=\"color: #000000;\"><a style=\"color: #000000;\" href=\"https:\/\/www.usc-dolorssabate.es\/wp-content\/uploads\/2021\/01\/Del-amor-y-la-inmortalidad.pdf\">.<\/a><\/span> In: Ordu\u00f1a, Javier; Siguan, Marisa (coord.). <i>Perspectivas hisp\u00e1nicas sobre la lengua y la literatura alemanas. Homenatge a Roberto Corcoll<\/i><strong>.<\/strong> Universitat de Barcelona, 2011, 445 \u2013 460.<\/h3>\n<\/li>\n<li>\n<h3 style=\"text-align: justify;\">Wenn Mirjam an die gl\u00e4serne Decke st\u00f6\u03b2t<strong>.<\/strong> In: Schulz, Marion; Sabat\u00e9, Dolors (Hrgs.). <em>Literatur von Frauen und gl\u00e4serne Decke<\/em>. Peter Lang, Inter-Lit. Frankfurt\/M, 2010, 40 \u2013 51.<\/h3>\n<\/li>\n<li>\n<h3 style=\"text-align: justify;\">Die literarische Produktivit\u00e4t des \u2018internen Anderen\u201d am Beispiel Gertrud Kolmars. In: Hanenberg, Peter; Capeloa Gil, Isabel; Viana Guarda, Filomena; Clara, Fernando (Hrgs.). <i>Kulturbau. Aufr\u00e4umen, Ausr\u00e4umen, Einr\u00e4umen<\/i>. Peter Lang. Passagem, Frankfurt\/M, 2010, 89-96.<\/h3>\n<\/li>\n<li>\n<h3 style=\"text-align: justify;\"><strong><a href=\"https:\/\/www.usc-dolorssabate.es\/wp-content\/uploads\/2021\/01\/la-poetizaci\u00f3n-del-trauma-en-la-l\u00edrica-de-Gerturd-Kolmar.pdf\"><span style=\"color: #1441c9;\">La poetizaci\u00f3n del trauma en la l\u00edrica de Gertrud Kolmar: Escritura y superviencia en Gertrud Kolmar<\/span><span style=\"color: #000000;\">.<\/span><\/a><\/strong> In: Siguan, Marisa (ed.) <i>Erz\u00e4hlen zu m\u00fcssen, um zu \u00fcberwinden<\/i>. Sociedad Goethe en Espa\u00f1a. Barcelona, 2009, 319-330.<\/h3>\n<\/li>\n<li>\n<h3 style=\"text-align: justify;\">La Matria jud\u00eda en Else Lasker-Sch\u00fcler y Gertrud Kolmar. In: Palma, Miriam (coord.). <i>Matrias, Patrias. Identidades gen\u00e9ricas traspasando fronteras<\/i>. Entinema. Madrid, 2009, 145 \u2013 156.<\/h3>\n<\/li>\n<li>\n<h3 style=\"text-align: justify;\"><strong><span style=\"color: #1441c9;\"><a style=\"color: #1441c9;\" href=\"https:\/\/www.usc-dolorssabate.es\/wp-content\/uploads\/2021\/01\/El-cuestionamento-del-mito-cl\u00e1sico-en-Medea.pdf\">El cuestionamiento del mito cl\u00e1sico en Medea de Christa Wolf<\/a><\/span>. <\/strong>Estudios Filol\u00f3gicos Alemanes, 11, 2009, 639 \u2013 647.<\/h3>\n<\/li>\n<li>\n<h3 style=\"text-align: justify;\"><strong><a href=\"https:\/\/www.usc-dolorssabate.es\/wp-content\/uploads\/2021\/01\/Christa-Wolf-a-la-luz-de-Schiller.pdf\"><span style=\"color: #1441c9;\">Christa Wolf a la luz de Schiller: El ideal de la dignidad en Medea<\/span><span style=\"color: #000000;\">.<\/span><\/a><\/strong>In: Arocas, N.C; Cala\u00f1as, Calero, A.R. <em>Friedrich Schiller. <\/em><em>Estudios sobre la recepci\u00f3n literaria e interdisciplinar de su obra<\/em>. Publicaciones de la Universidad de Valencia. 2008, 269 \u2013 276.<\/h3>\n<\/li>\n<li>\n<h3>Renata Cornejo. Das Dilemma des weiblichen Ich. Revista de Filolog\u00eda Alemana, 17, 2007, 214 \u2013 215.<\/h3>\n<\/li>\n<li>\n<h3>\u201cGerlind Reinshagen. Una introducci\u00f3n a su obra dram\u00e1tica\u201d. Art Teatral. Cuadernos de minipiezas ilustradas, 2007, 22, 106 \u2013 108.<\/h3>\n<\/li>\n<li>\n<h3 style=\"text-align: justify;\">Bettine von Arnim: Die G\u00fcnderode (1840), Dies Buch geh\u00f6rt dem K\u00f6nig (1843), Clemens Brentano\u00b4s Fr\u00fchlingskranz aus Jugendbriefen ihm geflochten wie er selbst schriftlich verlangte (1844), Goethes Briefwechsel mit einem Kinde (1835). In: Loster-Schneider, Gudrun; Pailer, Gaby (Hrgs.). <em>Lexikon deutschsprachiger Epik und Dramatik von Autorinnen (1730-1900)<\/em><em><strong>.<\/strong><\/em> Francke. Frankfurt\/M, 2006, 17-23.<\/h3>\n<\/li>\n<li>\n<h3 style=\"text-align: justify;\"><span style=\"color: #1441c9;\"><strong><a style=\"color: #1441c9;\" href=\"https:\/\/www.usc-dolorssabate.es\/wp-content\/uploads\/2021\/01\/La-reafirmacion-del-ideal-femenino-sensibilista.pdf\">La reafirmaci\u00f3n del ideal femenino sensibilista en <i>Die ber\u00fchmte Frau<\/i> y <i>Die Geschlechter<\/i><\/a><\/strong><\/span><strong><span style=\"color: #1441c9;\"> de Friedrich Schiller<\/span>.<\/strong> Revista de Filolog\u00eda Alemana, 14, 2006, 43-55<\/h3>\n<\/li>\n<li>\n<h3 style=\"text-align: justify;\"><strong><a href=\"https:\/\/www.usc-dolorssabate.es\/wp-content\/uploads\/2021\/01\/El-compromiso-pol%C3%ADtico-de-Bettina-von-Arnim.pdf\"><span style=\"color: #1441c9;\">\u201c\u2018je n\u00e4her das Volk seinem F\u00fcrsten, je gr\u00f6\u00dfer ist dessen Kraft.\u2019 El compromiso pol\u00edtico de Bettina von Arnim en<i>Dies Buch geh\u00f6rt dem K\u00f6nig<\/i>\u201d<\/span> <\/a>. <\/strong>In: Riutort, Maci\u00e0; Jan\u00e9, Jordi. <i>Literatura i compromis. Miscel.lani\u00e0 en Honor del Prof. Dr. Knut Forssmann<\/i><strong>.<\/strong> Forum, 5, Arola Editors. 2006, 323 \u2013 336.<\/h3>\n<\/li>\n<li>\n<h3 style=\"text-align: justify;\"><a href=\"https:\/\/www.usc-dolorssabate.es\/wp-content\/uploads\/2021\/01\/Reescribiendo-a-Ofelia.pdf\"><strong><span style=\"color: #1441c9;\">\u201cReescribiendo a Ofelia: Mondgeschichte de Ilse Aichinger\u201d<\/span><span style=\"color: #000000;\">.<\/span><\/strong> <\/a>In: Acosta, L. et al. \u00a0(eds.). <i>1945-1989-2000: Momentos de lengua, literaturas y culturas alemanas. Actas de la X Semana de Estudios Germ\u00e1nicos<\/i>. Ediciones del Orto. Madrid, 2002, 245 \u2013 250.<\/h3>\n<\/li>\n<li>\n<h3 style=\"text-align: justify;\"><span style=\"color: #1441c9;\"><strong>\u201c<a style=\"color: #1441c9;\" href=\"https:\/\/www.usc-dolorssabate.es\/wp-content\/uploads\/2021\/01\/la-Revolucion-lenguaje-poetico-en-el-texto-femenino.pdf\">La revoluci\u00f3n del lenguaje po\u00e9tico en el texto femenino<\/a>\u201d<\/strong><\/span>. In: Blanco H\u00f6lscher, Margarita; Su\u00e1rez Lafuente, Socorro. <em>Literatura austriaca actual. Entre la est\u00e9tica y la pol\u00edtica<\/em>. KRK. Universidad de Oviedo, 2001, 163 \u2013 170.<\/h3>\n<\/li>\n<li>\n<h3>Theodor, Fontane. La ad\u00faltera. Selecci\u00f3n y traducci\u00f3n de Genoveva Dieterich. Alba Editorial (Cl\u00e1sicos Modernos). Revista de Filolog\u00eda Alemana, 8, 2001, 277 \u2013 278.<\/h3>\n<\/li>\n<li>\n<h3>Klingemann, August. Las vigilias de Buenaventura. El Acantilado. Traducci\u00f3n de Marisa Siguan y Eduardo Aznar. Revista de Filolog\u00eda Alemana, 9, \u00a02001, 282.<\/h3>\n<\/li>\n<li>\n<h3 style=\"text-align: justify;\"><span style=\"color: #1441c9;\"><strong>\u201c<a style=\"color: #1441c9;\" href=\"https:\/\/www.usc-dolorssabate.es\/wp-content\/uploads\/2021\/01\/El-juego-del-simulacro-en-Else_lasker_Sch\u00fcler.pdf\">El juego del simulacro en Else Lasker-Sch\u00fcler<\/a>\u201d<\/strong><\/span>. In: Acosta, L. et al (eds.)<strong>. <\/strong><i>Lengua, Literatura y Cultura alemanas ante el umbral del nuevo milenio. Actas de la IX Semana de Estudios Germ\u00e1nicos<\/i>. Ediciones del Orto. Vol.I, Madrid, 2000, 181 \u2013 190.<\/h3>\n<\/li>\n<li>\n<h3 style=\"text-align: justify;\"><strong><a href=\"https:\/\/www.usc-dolorssabate.es\/wp-content\/uploads\/2021\/01\/Sch%C3%B6ne-Seele_Denkende-K%C3%B6rper.pdf\"><span style=\"color: #1441c9;\">\u201cSch\u00f6ne Seele, denkender K\u00f6rper: Das Weiblichkeitsbild in Sophie La Roches <em>Geschichte des Fr\u00e4uleins von Sternheim<\/em>\u201d<\/span><\/a>.<\/strong> Revista de Filolog\u00eda Alemana<strong>, <\/strong>8, 2000, 129 \u2013 141.<\/h3>\n<\/li>\n<li>\n<h3 style=\"text-align: justify;\"><strong><span style=\"color: #1441c9;\">\u201c<a style=\"color: #1441c9;\" href=\"https:\/\/www.usc-dolorssabate.es\/wp-content\/uploads\/2021\/01\/La-perspectiva-femenina-en-Ilse-Aichinger.pdf\">La perspectiva femenina en Ilse Aichinger como estrategia subversiva contra el canon<\/a>\u201d<\/span>.<\/strong> In: Magallanes Latas, F. \u00a0et. al. (eds.). <i>Tradici\u00f3n e innovaci\u00f3n en los estudios de lengua, literatura y cultura alemanas en Espa\u00f1a<\/i>. Kronos Universidad. Sevilla, 1998, 327 \u2013 333.<\/h3>\n<\/li>\n<li>\n<h3>Christine Rei\u00df-Suckow, Wer wird mir Sch\u00f6pfer sein? Revista de Filolog\u00eda Alemana, 6, 1998, 342 \u2013 343.<\/h3>\n<\/li>\n<li>\n<h3>\u201cErika Mann. Cr\u00f3nica de una lucha olvidada\u201d. <i>Andaina. <\/i>Revista galega de pensamento feminista, 20, 1998, 20 \u2013 34.<\/h3>\n<\/li>\n<li>\n<h3>\u201cElse Lasker-Sch\u00fcler oder die weibliche Maskerade\u201d. Sprache und Literatur in Wissenschaft und Unterricht, 81, 1998, 93 \u2013 104.<\/h3>\n<\/li>\n<li>\n<h3 style=\"text-align: justify;\"><span style=\"color: #1441c9;\"><strong><a style=\"color: #1441c9;\" href=\"https:\/\/www.usc-dolorssabate.es\/wp-content\/uploads\/2021\/01\/Spiegelgeschichte_Frauen-vor-einem-blinden-Spiegel.pdf\">\u201cDie\u00a0<i>Spiegelgeschichte<\/i>: Frauen vor einem blinden Spiegel\u201d<\/a>\u00a0<\/strong><\/span><strong>. <\/strong>\u00d6sterreich in Geschichte und Literatur, 6, 1997, 427 \u2013 434.<\/h3>\n<\/li>\n<li>\n<h3>\u201cAnn\u00e4hernde Bemerkungen \u00fcber die fr\u00fche Lyrik Rose Ausl\u00e4nders\u201d. Forum. Revista dels Germanistes de Catalunya<strong>,<\/strong> 1997, 73 \u2013 82.<\/h3>\n<\/li>\n<li>\n<h3 style=\"text-align: justify;\">\u201cEcos orientales en la l\u00edrica de Else Lasker-Sch\u00fcler\u201d. In: Caram\u00e9s Lage, J. L et al. (eds.). <i>El discurso art\u00edstico en Oriente y Occidente: Semejanzas y contrastes. <\/i>Universidad de Oviedo. Oviedo, 1997, 493 &#8211; 502.<\/h3>\n<\/li>\n<li>\n<h3>Die Verzerrung der Weiblichkeit in der Spiegelmetapher. Anuari de Filologia. Filolog\u00eda Anglesa i Alemanya<strong>,<\/strong> 7, XIX, 1996, 105 \u2013 112.<\/h3>\n<\/li>\n<li>\n<h3>Rose Ausl\u00e4nder. O exilio da verba. A trabe de ouro. Publicaci\u00f3n galega de pensamento cr\u00edtico, 26, 4, 1996, 567 \u2013 572.<\/h3>\n<\/li>\n<\/ul>\n<\/div><div class=\"fusion-clearfix\"><\/div><\/div><\/div><\/div><\/div>\n","protected":false},"excerpt":{"rendered":"","protected":false},"author":1,"featured_media":0,"parent":0,"menu_order":0,"comment_status":"closed","ping_status":"closed","template":"","meta":{"footnotes":""},"class_list":["post-652","page","type-page","status-publish","hentry"],"_links":{"self":[{"href":"https:\/\/www.usc-dolorssabate.es\/index.php\/wp-json\/wp\/v2\/pages\/652","targetHints":{"allow":["GET"]}}],"collection":[{"href":"https:\/\/www.usc-dolorssabate.es\/index.php\/wp-json\/wp\/v2\/pages"}],"about":[{"href":"https:\/\/www.usc-dolorssabate.es\/index.php\/wp-json\/wp\/v2\/types\/page"}],"author":[{"embeddable":true,"href":"https:\/\/www.usc-dolorssabate.es\/index.php\/wp-json\/wp\/v2\/users\/1"}],"replies":[{"embeddable":true,"href":"https:\/\/www.usc-dolorssabate.es\/index.php\/wp-json\/wp\/v2\/comments?post=652"}],"version-history":[{"count":14,"href":"https:\/\/www.usc-dolorssabate.es\/index.php\/wp-json\/wp\/v2\/pages\/652\/revisions"}],"predecessor-version":[{"id":1649,"href":"https:\/\/www.usc-dolorssabate.es\/index.php\/wp-json\/wp\/v2\/pages\/652\/revisions\/1649"}],"wp:attachment":[{"href":"https:\/\/www.usc-dolorssabate.es\/index.php\/wp-json\/wp\/v2\/media?parent=652"}],"curies":[{"name":"wp","href":"https:\/\/api.w.org\/{rel}","templated":true}]}}